alculate the highest common divisor of 360 and 13365.
45
What is the greatest common divisor of 26 and 305461?
13
Calculate the greatest common factor of 48 and 113304.
24
Calculate the greatest common factor of 64 and 2281792.
64
Calculate the greatest common factor of 31936 and 44.
4
Calculate the greatest common factor of 45 and 135045.
45
Calculate the greatest common divisor of 1315615 and 525.
35
What is the greatest common divisor of 232 and 680?
8
What is the greatest common factor of 36162 and 276066?
882
What is the greatest common factor of 97920 and 9?
9
What is the highest common divisor of 243 and 442908?
81
What is the greatest common divisor of 1781 and 28548?
13
Calculate the greatest common factor of 360 and 225192.
24
Calculate the greatest common factor of 184 and 1083024.
184
What is the highest common divisor of 65984 and 96?
32
What is the highest common factor of 234424 and 8?
8
What is the greatest common factor of 377 and 23751?
377
Calculate the greatest common factor of 7398 and 9116802.
2466
Calculate the highest common divisor of 80 and 15710.
10
What is the greatest common factor of 122 and 290482?
122
Calculate the greatest common factor of 12119587 and 19.
19
Calculate the greatest common divisor of 315 and 495.
45
What is the greatest common factor of 1316 and 3878?
14
Calculate the greatest common factor of 24206 and 52.
26
Calculate the highest common factor of 18 and 4553604.
18
Calculate the greatest common divisor of 3858736 and 28.
28
Calculate the highest common factor of 942594 and 2286.
762
Calculate the highest common factor of 126 and 531594.
126
What is the greatest common divisor of 186 and 42501?
93
What is the greatest common divisor of 16646 and 56434?
406
Calculate the greatest common divisor of 78149 and 17.
17
Calculate the highest common divisor of 72435 and 180.
15
Calculate the highest common divisor of 4590 and 29430.
270
Calculate the highest common divisor of 315 and 38619.
63
What is the highest common divisor of 1319 and 16?
1
Calculate the highest common factor of 9 and 54603.
9
What is the greatest common factor of 2090 and 50?
10
Calculate the greatest common divisor of 99 and 77877.
9
Calculate the greatest common factor of 311206 and 77.
7
What is the highest common divisor of 4697 and 35?
7
Calculate the highest common factor of 74 and 454175.
37
What is the highest common divisor of 6999 and 105?
3
What is the greatest common factor of 924 and 35700?
84
Calculate the highest common factor of 89440 and 26000.
1040
Calculate the highest common factor of 10795 and 1105.
85
What is the greatest common divisor of 22 and 926?
2
Calculate the highest common factor of 220480 and 28.
4
Calculate the greatest common factor of 26413 and 289244.
433
What is the greatest common divisor of 114 and 12388?
38
What is the greatest common factor of 139308 and 1457?
47
Calculate the greatest common factor of 80 and 121780.
20
What is the highest common divisor of 1694 and 148456?
154
Calculate the greatest common divisor of 60 and 683352.
12
Calculate the highest common factor of 3747508 and 222.
74
What is the greatest common divisor of 60 and 1268355?
15
Calculate the greatest common factor of 13380 and 8940.
60
Calculate the highest common divisor of 1022 and 448.
14
Calculate the greatest common factor of 12972 and 5244.
276
What is the highest common factor of 7936 and 1085?
31
Calculate the highest common divisor of 3935628 and 972.
972
What is the greatest common factor of 94259 and 418?
209
What is the highest common factor of 126030 and 18?
6
Calculate the highest common factor of 604478 and 28.
14
What is the greatest common divisor of 35 and 27580?
35
What is the greatest common divisor of 48 and 297528?
24
What is the greatest common divisor of 77 and 19283?
11
Calculate the highest common factor of 161232 and 48.
48
Calculate the highest common divisor of 487487 and 3003.
1001
Calculate the greatest common divisor of 435457 and 1705.
341
What is the highest common divisor of 25 and 22475?
25
What is the greatest common factor of 140 and 1184540?
140
Calculate the highest common divisor of 3296 and 6.
2
Calculate the highest common divisor of 5288 and 8.
8
Calculate the greatest common divisor of 224789 and 19.
19
What is the greatest common divisor of 60 and 552912?
12
What is the highest common factor of 1440808 and 152?
152
Calculate the highest common factor of 18710 and 90.
10
What is the greatest common divisor of 36 and 37428?
12
What is the greatest common divisor of 667 and 795731?
667
What is the greatest common factor of 679 and 805197?
97
What is the highest common divisor of 3 and 61603?
1
Calculate the highest common factor of 1840 and 578680.
920
Calculate the highest common factor of 23432 and 16472.
232
What is the highest common factor of 6978 and 347737?
1163
What is the greatest common factor of 180 and 50860?
20
What is the greatest common divisor of 12291 and 20757?
51
What is the highest common factor of 48 and 2793936?
48
What is the highest common divisor of 1860 and 365676?
372
What is the highest common divisor of 12582 and 63?
9
Calculate the highest common divisor of 36 and 15624.
36
What is the highest common divisor of 70 and 8974?
14
What is the highest common factor of 189 and 8723106?
189
Calculate the greatest common divisor of 2825 and 58760.
565
Calculate the highest common divisor of 52554 and 1178.
38
What is the highest common factor of 2 and 149218?
2
What is the greatest common divisor of 129753 and 117?
117
Calculate the greatest common factor of 38637 and 795.
159
Calculate the highest common factor of 9153 and 131871.
339
Calculate the greatest common factor of 638 and 462.
22
Calculate the greatest common factor of 1632644 and 208.
52
What is the highest common divisor of 338728 and 936?
104
Calculate the greatest common factor of 2880 and 39120.
240
What is the greatest common divisor of 18865 and 31570?
385
What is the highest common divisor of 14993 and 213411?
319
Calculate the highest common factor of 114 and 954066.
114
Calculate the greatest common divisor of 855 and 23295.
15
What is the highest common factor of 1209 and 1950?
39
Calculate the highest common divisor of 1080 and 23160.
120
Calculate the highest common divisor of 32131 and 15433.
253
Calculate the highest common factor of 1590 and 228165.
795
Calculate the highest common factor of 750 and 146310.
30
Calculate the greatest common factor of 6961383 and 54.
27
What is the highest common factor of 20241 and 936?
117
What is the greatest common divisor of 66 and 455642?
22
What is the highest common factor of 42 and 58828?
14
What is the greatest common factor of 20002 and 10138?
274
Calculate the highest common factor of 2157 and 36.
3
Calculate the greatest common factor of 45798 and 561.
51
Calculate the highest common divisor of 2193 and 10535.
43
Calculate the greatest common divisor of 1474 and 162944.
134
What is the greatest common divisor of 18 and 43128?
18
Calculate the greatest common factor of 286 and 22724.
26
Calculate the highest common factor of 8340 and 21540.
60
What is the greatest common factor of 1388 and 1097908?
1388
Calculate the highest common divisor of 1631534 and 181.
181
What is the greatest common divisor of 12582 and 6534?
54
What is the highest common factor of 551590 and 26?
26
What is the highest common divisor of 582 and 1152651?
291
Calculate the greatest common divisor of 49 and 6587.
7
What is the greatest common factor of 65 and 1664?
13
What is the greatest common factor of 4746 and 5040?
42
What is the greatest common factor of 187 and 187?
187
What is the highest common factor of 497 and 518?
7
What is the highest common divisor of 6330 and 2916864?
1266
Calculate the highest common divisor of 799 and 102.
17
What is the greatest common factor of 13 and 571636?
13
Calculate the highest common factor of 54420 and 24.
12
Calculate the greatest common divisor of 37 and 4702959.
37
What is the highest common divisor of 42 and 3680502?
42
What is the highest common factor of 591780 and 210?
210
What is the greatest common factor of 187510 and 102?
34
What is the highest common factor of 1551775 and 75?
25
What is the highest com